) + 4360*y(w). Let i be z(-1). Is 4/(-6)*i/(-10) a composite number?
False
Suppose 5*p + 1276 = 3*r + 4890, -2*r + 2*p - 2404 = 0. Let u = -336 - r. Is u a composite number?
True
Let c(u) = 21*u**2 - 4*u + 39. Is c(-10) a composite number?
False
Let k(a) = 2*a - 5. Let v be k(4). Suppose -v*z + 738 - 177 = 0. Suppose z = 4*t - 89. Is t a prime number?
False
Let g(z) = 2*z + 10. Let t be g(-7). Let i = t - -4. Suppose i = -3*f + 26 + 679. Is f prime?
False
Let d(u) = -4976*u - 37. Is d(-3) prime?
True
Suppose -6*q - 197146 = -2*k - 5*q, -492865 = -5*k - 5*q. Is k prime?
True
Let q = 90087 - 42628. Is q a composite number?
False
Let n be (-4)/(-8) + 86/(-4). Let o be 3/(-6) - n/6. Is (-2)/(-4)*(449 - o) prime?
True
Suppose 4*u + 3*f - 5080 - 8676 = 0, u + f - 3439 = 0. Is u a composite number?
True
Let m(h) = -24*h - 5. Suppose -1 + 28 = -3*k. Is m(k) composite?
False
Is (14/6)/7 - 16044/(-9) a composite number?
False
Let w = 154 - 151. Suppose -w*x = 4*i - 856, -2*i + 402 = x - 6*x. Is i a composite number?
False
Let p = 13 - 15. Let m be (-3212)/(-12) - p/(-3). Let s = -180 + m. Is s a composite number?
True
Let p(h) = 8603*h**2 - 14*h + 22. Is p(2) a composite number?
True
Let i(o) = o**3 - 10*o**2 + 21*o - 33. Is i(11) prime?
False
Suppose 2*t + 3*u - 117330 = 0, -5*t + 293307 = -7*u + 10*u. Is t prime?
False
Let w = 2 - -1. Suppose 5*b - w*b + 14 = -4*y, b - 28 = 5*y. Suppose b*s = r - 2*s - 43, 2*r = 2*s + 86. Is r prime?
True
Suppose -n + 3814 = 3*s - 15130, -5*n - 5*s = -94730. Is n prime?
True
Suppose -6*v + 150 = -9*v. Let j be ((-160)/(-25))/((-4)/v). Suppose z = 105 + j. Is z composite?
True
Let m(y) = 3*y + 18. Let r be m(-6). Suppose 5*s - 196 - 190 = v, -3*v + 3*s - 1158 = r. Let q = 745 + v. Is q prime?
True
Is 19857/6*(-10)/(6 - 11) prime?
True
Is (-1)/(-3)*158635 + 114/171 composite?
False
Let s(r) = 30*r + 10433. Is s(0) a composite number?
False
Suppose h - 2*m = -1, -5*h + 2*m + 10 = -9. Suppose -2*y = 6, -h*y + 265 + 101 = 3*j. Is j composite?
False
Suppose 0 = 4*l - 3*x - 1279, x + 953 = 5*l - 2*l. Suppose -3*y - l = -y. Let h = 565 + y. Is h a composite number?
True
Is (2 + 2)*69770/40 a composite number?
False
Suppose 4*v + 5251 = -5*q, -q - 4*v = -v + 1048. Let z = 2166 + q. Is z a prime number?
False
Suppose -3*r + 6*r - 569 = 4*g, 0 = -2*r + 5*g + 377. Suppose -36 = 2*w - 270. Let n = r - w. Is n prime?
False
Let g(q) = -2*q**2 - q. Let x be g(1). Is x*(-2 + 2883/(-9)) a composite number?
False
Let i = -197 - -333. Suppose -4*c + 4*u + 288 = 0, 2*u + 2*u + i = 2*c. Suppose c = a - 67. Is a prime?
False
Is 25484280/680 - (-1 + (-30)/(-34)) prime?
False
Suppose -2*x - 8*r = -6*r + 44, 3*x = -r - 66. Let j(l) = -l**2 - 53*l - 51. Is j(x) prime?
True
Suppose 1044 = -8*b + 11*b. Let a(c) = 138*c + 1. Let q be a(-1). Let p = q + b. Is p prime?
True
Let l = -185 - -291. Is l a prime number?
False
Let u(y) = -y**2 + 6*y + 3. Let z be u(7). Let q be z/(-2) - (2 - 0). Suppose -j + 2*j - 59 = q. Is j a prime number?
True
Let t = 5 - -55. Suppose -4*l = l - t. Let z = 35 - l. Is z composite?
False
Let r(k) = 2*k**3 - 24*k**2 + 21*k + 65. Is r(36) a prime number?
True
Suppose 0 = -2*k + 7 + 7. Suppose -k*l + 467 = -198. Is l composite?
True
Let s(c) = c**2 - 6*c - 5 + 0 + 2. Let f be s(8). Let o = 48 - f. Is o prime?
False
Let c be (-2)/7 - 67650/(-105). Suppose 15 = 2*n + 3*n, -2*n = 2*h - c. Is h a prime number?
False
Suppose -4*t + 7*g + 36718 = 5*g, -3*t - 4*g = -27533. Is t prime?
False
Suppose 2*g - 1435 = -3*g. Suppose 5*b + 3*y - g = 0, b + y + 2*y - 67 = 0. Is b prime?
False
Let n(d) = 53*d**3 + 1 - 3*d**2 - 29*d**3 - 25*d**3 + 7*d. Is n(-10) composite?
False
Is (1 - 0)*(-6 - (-1358 - 9)) prime?
True
Let n(m) = -7*m - 26. Let d be n(-4). Is 1*2335/d + 17/(-34) prime?
False
Let x(b) = b**3 + 31*b**2 + 18*b + 43. Is x(-20) prime?
False
Let f(y) = 360*y - 35. Let i(g) = -69*g - 3. Let t(s) = 34*s + 1. Let c(m) = -4*i(m) - 9*t(m). Let p(x) = -25*c(x) - 2*f(x). Is p(4) prime?
False
Suppose 2*f = 4*q + 1626, 4*q = -2*f + 5*q + 1620. Is f a prime number?
True
Let d(j) = 1 + 0 + j + 342*j**2 + 2*j. Is d(-2) a prime number?
False
Suppose -7*l + 3*l = 0. Let m(f) = -f**2 - 5*f - 207. Let r(y) = -2*y**2 - 9*y - 415. Let q(d) = 7*m(d) - 4*r(d). Is q(l) a composite number?
False
Let d = 23239 - -16420. Is d a prime number?
True
Suppose -2*r - 3*r + 20 = 0. Suppose c = r*h + 39, 3*c - h - 42 - 108 = 0. Is c a prime number?
False
Let w = 771 + -354. Let l = 720 - w. Is l prime?
False
Suppose 244515 = -1892*a + 1907*a. Is a prime?
True
Suppose -9*l - 36 + 225 = 0. Suppose -4967 = -l*n - 32. Is n prime?
False
Suppose -325*b = -340*b + 64905. Is b composite?
False
Suppose 11922 = 2*a + 4*i, -i = -3*a + 6*a - 17863. Is a composite?
False
Suppose u - 20 - 643 = 0. Let f = u + 326. Is f a prime number?
False
Let f = -450 + 1787. Suppose -u + 0*u = -f. Is u composite?
True
Let u be (-3)/(-2)*3/(-27)*-12. Suppose -4*q = -u*q - 3886. Is q a composite number?
True
Suppose 4*g - 2*c = 24836, 5*g = 2*c - 5*c + 31067. Is g a composite number?
False
Let k = -7396 - -16923. Is k a composite number?
True
Suppose q = -c + 5*c - 13, -11 = -4*c - q. Suppose -739 = -4*b - 5*t, b - t = -c*t + 181. Is b a composite number?
False
Suppose 0*y - 2*y + 1162 = -2*w, 0 = -4*w - 12. Let v be (-4152)/(-28)*42/9. Suppose 5*h - v = y. Is h prime?
False
Suppose 0*l + 12 = -2*l. Is ((3 - 12)/3)/(l/1090) prime?
False
Let g(v) = 4*v**3 - 2*v**2 - v + 2. Let o(y) = -2*y - 1. Let j = -11 + 9. Let p be o(j). Is g(p) prime?
True
Suppose 129*i - 127*i - 49142 = 0. Is i composite?
False
Suppose -4*l + 6557 = 2585. Suppose 0 = -20*q + 17*q + l. Is q composite?
False
Let q(p) = -11842*p + 193. Is q(-7) a composite number?
True
Suppose 7*m - 2*z = 5*m + 1186, -4*m - 5*z = -2363. Let o(i) = -i**3 + 7*i**2 - 8*i + 8. Let q be o(6). Is m/24*(-6)/q composite?
False
Suppose 150*c - 164*c + 85582 = 0. Is c a prime number?
True
Suppose 551 + 300 = n. Suppose l - n = -0*l. Is l composite?
True
Suppose 62*d + 51366 = 68*d. Is d a composite number?
True
Suppose -72 = -13*s + 5*s. Suppose 9070 = n + s*n. Is n a prime number?
True
Let p = -2 - -5. Suppose -18*h - h = -38. Is 71*p - (-4 + h) a prime number?
False
Let y(w) = -4553*w**3 - 4*w**2 - 9*w - 11. Is y(-2) composite?
True
Let g = 12092 - -7497. Is g prime?
False
Let l = 385 + -176. Let p(n) = -n + 9. Let m be p(5). Suppose m*i - l - 131 = 0. Is i composite?
True
Suppose -10904 = -26*g + 18*g. Is g a prime number?
False
Let p = 36 + 68. Let c be (((-9)/2)/9)/((-3)/(-342)). Let q = c + p. Is q a prime number?
True
Let j(i) = 47*i**2 + 7*i - 71. Is j(7) a composite number?
False
Let f(z) = z**3 - 12*z**2 + z - 12. Let w be f(12). Suppose 7 = q - w. Is q composite?
False
Let q = -1735 + 9374. Is q prime?
True
Let p(u) = -3*u**3 + 205. Let f(w) = -7*w**3 + w**2 + 411. Let b(v) = -2*f(v) + 5*p(v). Is b(0) prime?
False
Let d be (-3)/(-4 - -1) - -1. Suppose d*h = 4*h - 2338. Is h prime?
False
Suppose -k = 2*u - 47, 0*u + 2*u + 3*k - 49 = 0. Let c be -3 - (u - -2)/(-5). Suppose -c*y - 2*j = -5 - 235, j = 2*y - 237. Is y a composite number?
True
Is (-93716)/(-16) - ((-4)/16)/(-1) prime?
True
Let k be ((-12)/(-3))/(-2) - -3. Let p be (1/k)/((-6)/(-30)). Suppose p*q - 2049 = 3*f, f - 2259 = -4*q - 613. Is q a prime number?
False
Let h = -13578 + 25465. Is h a prime number?
True
Let k = 4696 + -2515. Is k composite?
True
Let i(m) = 2*m**2 - 15 - 9*m + 4 + 0*m - m**2. Let o be i(10). Is (-7)/(o + (-20)/(-22)) a prime number?
False
Let g = -19 + 28. Suppose -g*v + 1848 = -1266. Is v prime?
False
Let x = 560 + -149. Is x a prime number?
False
Let j be 290/15*(-9)/(-6). Suppose 0 = 3*q - 2*q - j. Suppose -4*y - q = -201. Is y a prime number?
True
Let s(n) be the second derivative of -n**3/3 + 2*n**2 + 7*n. Let g be s(-4). Suppose -7*o = -g*o + 130. Is o composite?
True
Let r(j) = -j**3 + 2*j**2 + 2*j + 4. Let h(m) = m**2 - 13*m - 11. Let d be h(14). Let i be r(d). Is i/(-4) + (-549)/(-36) a prime number?
False
Suppose -4 = -3*l - 1. Suppose l = 2*v - 693. Suppose -3*x + 100 = -v. Is x a prime number?
True
Let j(i) = -2*i**2 + 3*i**2 - 3*i**2 + i**2 + 1472. Let q be j(0). Suppose -9*d + 1890 = -4*d + 5*f, 0 = 4*d - 4*f - q. Is d a composite number?